 39?
30
What is the remainder when 1330 is divided by 58?
54
Calculate the remainder when 713 is divided by 21.
20
What is the remainder when 602 is divided by 67?
66
Calculate the remainder when 716 is divided by 16.
12
What is the remainder when 342 is divided by 158?
26
What is the remainder when 349 is divided by 16?
13
What is the remainder when 130 is divided by 14?
4
What is the remainder when 53 is divided by 40?
13
Calculate the remainder when 239 is divided by 60.
59
Calculate the remainder when 2000 is divided by 498.
8
Calculate the remainder when 409 is divided by 32.
25
What is the remainder when 55 is divided by 22?
11
Calculate the remainder when 269 is divided by 31.
21
What is the remainder when 701 is divided by 18?
17
What is the remainder when 270 is divided by 70?
60
What is the remainder when 178 is divided by 84?
10
Calculate the remainder when 347 is divided by 2.
1
Calculate the remainder when 255 is divided by 86.
83
Calculate the remainder when 167 is divided by 26.
11
Calculate the remainder when 872 is divided by 417.
38
Calculate the remainder when 2721 is divided by 185.
131
Calculate the remainder when 52 is divided by 15.
7
Calculate the remainder when 1055 is divided by 104.
15
What is the remainder when 1041 is divided by 224?
145
Calculate the remainder when 37947 is divided by 11.
8
Calculate the remainder when 238 is divided by 37.
16
Calculate the remainder when 1051 is divided by 344.
19
What is the remainder when 303 is divided by 18?
15
Calculate the remainder when 1488 is divided by 149.
147
Calculate the remainder when 779 is divided by 17.
14
What is the remainder when 52 is divided by 9?
7
What is the remainder when 427 is divided by 38?
9
Calculate the remainder when 1082 is divided by 35.
32
Calculate the remainder when 189 is divided by 16.
13
What is the remainder when 827 is divided by 18?
17
What is the remainder when 929 is divided by 6?
5
What is the remainder when 1580 is divided by 145?
130
Calculate the remainder when 1986 is divided by 45.
6
What is the remainder when 1325 is divided by 147?
2
Calculate the remainder when 4892 is divided by 51.
47
Calculate the remainder when 597 is divided by 25.
22
Calculate the remainder when 1813 is divided by 183.
166
Calculate the remainder when 3050 is divided by 18.
8
What is the remainder when 199 is divided by 50?
49
What is the remainder when 4533 is divided by 84?
81
What is the remainder when 319 is divided by 99?
22
What is the remainder when 51 is divided by 8?
3
What is the remainder when 237 is divided by 40?
37
What is the remainder when 1343 is divided by 89?
8
What is the remainder when 18911 is divided by 197?
196
Calculate the remainder when 207 is divided by 28.
11
What is the remainder when 1810 is divided by 79?
72
What is the remainder when 181 is divided by 69?
43
Calculate the remainder when 269 is divided by 124.
21
What is the remainder when 500 is divided by 21?
17
Calculate the remainder when 252 is divided by 70.
42
What is the remainder when 787 is divided by 10?
7
Calculate the remainder when 101 is divided by 7.
3
What is the remainder when 44 is divided by 10?
4
Calculate the remainder when 25 is divided by 2.
1
Calculate the remainder when 108 is divided by 22.
20
Calculate the remainder when 2307 is divided by 165.
162
Calculate the remainder when 26882 is divided by 29.
28
What is the remainder when 134 is divided by 48?
38
What is the remainder when 260 is divided by 12?
8
What is the remainder when 428 is divided by 8?
4
What is the remainder when 135 is divided by 33?
3
Calculate the remainder when 219 is divided by 44.
43
What is the remainder when 576 is divided by 34?
32
Calculate the remainder when 82 is divided by 58.
24
What is the remainder when 191 is divided by 102?
89
Calculate the remainder when 4146 is divided by 15.
6
Calculate the remainder when 105 is divided by 21.
0
Calculate the remainder when 639 is divided by 51.
27
Calculate the remainder when 271 is divided by 55.
51
Calculate the remainder when 199 is divided by 47.
11
Calculate the remainder when 146 is divided by 23.
8
Calculate the remainder when 1494 is divided by 126.
108
Calculate the remainder when 71 is divided by 11.
5
Calculate the remainder when 282 is divided by 57.
54
Calculate the remainder when 190 is divided by 18.
10
What is the remainder when 13855 is divided by 82?
79
Calculate the remainder when 93 is divided by 26.
15
Calculate the remainder when 816 is divided by 9.
6
What is the remainder when 215 is divided by 101?
13
What is the remainder when 26 is divided by 15?
11
What is the remainder when 5104 is divided by 37?
35
What is the remainder when 346 is divided by 123?
100
Calculate the remainder when 160 is divided by 59.
42
Calculate the remainder when 164 is divided by 28.
24
Calculate the remainder when 277 is divided by 22.
13
Calculate the remainder when 338 is divided by 31.
28
Calculate the remainder when 7366 is divided by 55.
51
Calculate the remainder when 128 is divided by 28.
16
Calculate the remainder when 476 is divided by 107.
48
Calculate the remainder when 2872 is divided by 137.
132
Calculate the remainder when 200 is divided by 69.
62
What is the remainder when 778 is divided by 130?
128
What is the remainder when 90 is divided by 45?
0
What is the remainder when 1433 is divided by 159?
2
Calculate the remainder when 610 is divided by 99.
16
Calculate the remainder when 2353 is divided by 66.
43
What is the remainder when 15627 is divided by 29?
25
What is the remainder when 281 is divided by 34?
9
Calculate the remainder when 39 is divided by 10.
9
What is the remainder when 583 is divided by 73?
72
What is the remainder when 63 is divided by 6?
3
What is the remainder when 1317 is divided by 40?
37
Calculate the remainder when 14739 is divided by 14.
11
What is the remainder when 2163 is divided by 134?
19
What is the remainder when 56482 is divided by 54?
52
What is the remainder when 829 is divided by 52?
49
Calculate the remainder when 247 is divided by 94.
59
Calculate the remainder when 1070 is divided by 127.
54
What is the remainder when 3917 is divided by 12?
5
Calculate the remainder when 985 is divided by 323.
16
Calculate the remainder when 2166 is divided by 511.
122
What is the remainder when 233 is divided by 24?
17
Calculate the remainder when 1585 is divided by 13.
12
Calculate the remainder when 692 is divided by 62.
10
Calculate the remainder when 167 is divided by 30.
17
Calculate the remainder when 124 is divided by 44.
36
What is the remainder when 2174 is divided by 129?
110
What is the remainder when 12847 is divided by 60?
7
Calculate the remainder when 313 is divided by 76.
9
What is the remainder when 163 is divided by 4?
3
What is the remainder when 119 is divided by 83?
36
Calculate the remainder when 798 is divided by 249.
51
Calculate the remainder when 58 is divided by 8.
2
What is the remainder when 3513 is divided by 52?
29
Calculate the remainder when 7038 is divided by 55.
53
What is the remainder when 5847 is divided by 76?
71
What is the remainder when 387 is divided by 97?
96
What is the remainder when 725 is divided by 13?
10
What is the remainder when 348 is divided by 150?
48
What is the remainder when 104 is divided by 47?
10
Calculate the remainder when 68 is divided by 37.
31
Calculate the remainder when 31 is divided by 5.
1
What is the remainder when 207 is divided by 15?
12
Calculate the remainder when 5149 is divided by 16.
13
What is the remainder when 2115 is divided by 301?
8
What is the remainder when 31 is divided by 13?
5
Calculate the remainder when 10498 is divided by 3498.
4
Calculate the remainder when 159 is divided by 18.
15
Calculate the remainder when 208 is divided by 97.
14
Calculate the remainder when 1764 is divided by 29.
24
Calculate the remainder when 487 is divided by 7.
4
What is the remainder when 13467 is divided by 13466?
1
What is the remainder when 2495 is divided by 2490?
5
Calculate the remainder when 12 is divided by 9.
3
What is the remainder when 2146 is divided by 215?
211
What is the remainder when 654 is divided by 41?
39
Calculate the remainder when 197 is divided by 10.
7
Calculate the remainder when 91